9 + 16032. Is l prime?
True
Suppose h = -4*h - 30, 2*z = -2*h + 18950. Is z prime?
False
Let p = -81 - -3. Let w = p - -80. Suppose f - 1859 = -3*x, 0*f + x - 3698 = -w*f. Is f a composite number?
False
Let b be (-252)/567*18/(-4). Suppose 979 + 75 = 2*h. Suppose 3*d = v - h, d = 5*v + b*d - 2603. Is v prime?
True
Suppose -4*u - 3495 = 5*w - 46320, 34260 = 4*w - 4*u. Let p = w - 5644. Is p a prime number?
False
Suppose 10*l + 2*u - 25267 = 7*l, 0 = -6*l - 3*u + 50529. Is l prime?
True
Suppose 15 = -14*s + 43. Suppose -12624 = -s*d + 1490. Is d prime?
True
Let q(k) be the third derivative of k**5/20 + 5*k**3/3 - 7*k**2. Let w be q(-11). Suppose -8*d + w = -11139. Is d a composite number?
False
Let v = 118414 + -13055. Is v a prime number?
True
Let j(s) = 2230*s - 3. Let l be j(-17). Let c = -7546 - l. Is c composite?
False
Let k = -250069 - -520968. Is k a composite number?
False
Suppose 4*p - 3*x = 153874, -p - 1487 + 39942 = -3*x. Is p a prime number?
False
Let y(k) = 10*k - 215. Let q be y(22). Suppose 0 = 2*h - 8*w + 6*w - 20748, 0 = q*h + 2*w - 51849. Is h a prime number?
False
Suppose 0 = 32*o + 14*o - 3*o - 23607043. Is o a prime number?
True
Let n = -185 + 188. Suppose 4*i + t - 20340 = 3*t, 15277 = n*i + 4*t. Is i a composite number?
False
Let s(h) = h + 19. Let g be s(-14). Suppose -2*i + g*i + 2*v = 3217, i - 2*v = 1059. Suppose -2795 = -4*p - m, 2*p - 333 = 4*m + i. Is p prime?
False
Suppose 0 = 12*w - 15*w + 1665. Let l be ((-1566)/4)/((-1)/2). Suppose -w = -6*c + l. Is c prime?
True
Let r be 20/(-12)*(42*2969)/(-2). Is (-2)/3 - r/(-15) composite?
True
Suppose r + 5*w = 29, 0*r - 4*r - w = -21. Let u(h) = -14*h**2 - 6*h + 24. Let v(l) = -l**2 + l + 1. Let i(o) = -u(o) + 3*v(o). Is i(r) prime?
True
Let s be 1 + (1 + -3 - (-3 + 0)). Let p be (-60)/(-10)*(2 - (-1 + s)). Is (3/2)/(p/204) a composite number?
True
Let v = 64922 + -32965. Is v composite?
False
Let o = -31 + 27. Let k(y) be the first derivative of 29*y**3 - y**2/2 - 11*y - 16. Is k(o) composite?
True
Suppose -71881*d = -71900*d + 3576959. Is d a prime number?
True
Let u = 1328084 + -584373. Is u prime?
True
Let i(l) = 15*l**2 + 173*l - 673. Is i(-84) prime?
False
Let b(r) = 339*r**3 - 4*r**2 + 3*r - 1. Let q be 1/(-8) + (-34)/(-16). Let i be b(q). Suppose 2*k = -3*k + 2*n + i, 2*n + 537 = k. Is k composite?
False
Let p = -30 - 0. Let l = 34 + p. Suppose -3*i - 6*t + 798 = -t, 0 = -l*i + 3*t + 1093. Is i a prime number?
True
Let k(f) = -f**3 + f**2 + 2*f. Let m(w) = -9*w**3 - 156*w**2 + 8*w + 47. Let n(b) = 5*k(b) - m(b). Is n(-40) a composite number?
True
Let b be 50227/1 + (-15)/3. Suppose 671*t = 673*t - b. Is t a composite number?
False
Let b(a) = 401*a + 22. Let f(p) = 3*p + 28. Let o be f(-11). Let c(y) = 200*y + 11. Let n(m) = o*c(m) + 2*b(m). Is n(-4) prime?
False
Let z be (3*(-4)/4)/3. Let d be z + 1902 - (-4)/4*-3. Let q = -181 + d. Is q prime?
False
Let b be ((-3)/(-4))/(7/28). Suppose 0 = 3*f + 5*x - 49, -5*x + 22 = -b. Is (104 + 2)/(-5*f/(-20)) composite?
False
Let n = 54657 - 12417. Let o = n + -15689. Is o prime?
False
Let a(q) = 152*q**2 - 32*q + 1. Is a(5) prime?
False
Suppose 3*c = -4*z + 416100, 24*z = 21*z - 2*c + 312073. Is z a prime number?
False
Suppose 2*o = 4*h - 12, -3*o = -5*h - 0*o + 14. Is ((-2)/h)/(9/(-228546)) prime?
True
Suppose 0 = 2*l + f - 63 - 37, 39 = l - 5*f. Let m = -51 + l. Is 2 + 570/(m + 4) a prime number?
False
Let a = 3111 - 2036. Let o = a - 758. Is o prime?
True
Is (3946841 - -16 - -28)*(-2)/(-10) a composite number?
False
Let c = -64 - -121. Suppose b + c = -509. Let g = b + 963. Is g a prime number?
True
Is (-5 + 14)*1 + 319630 composite?
False
Suppose s = 0, 35*t + 4*s = 40*t - 50390. Is t prime?
False
Suppose -b - 5*g = 10, 3*g + 9 = -5*b - 41. Let w(o) = -58*o - 29. Let d be w(b). Let i = d + -366. Is i a composite number?
True
Let z be (15/(-6))/5*12 + 2. Let v be -3*((-16)/z)/(-4). Suppose 0 = v*g - 3*w - 1176, 0*g + 4*g - w = 1583. Is g a prime number?
True
Suppose 63*g - 132*g = -66*g. Let j be 2/8 - (-15459)/4. Is (-2 + j/10)*(g - -2) a composite number?
False
Let a(n) = -353*n + 40. Let r = 11 - 14. Is a(r) composite?
True
Let u be 2 - -1 - (-2 - -3 - -5500). Let h = 3391 + u. Let b = h - -3954. Is b prime?
True
Let h = -24005 + 24018. Suppose 2*d = 3*k + 10, 0*d - k - 22 = -3*d. Suppose -h*o = -d*o - 2705. Is o a prime number?
True
Suppose -4*j + 20 = 0, -2*t + 2*j + 27173 = -j. Let n = t + -2613. Is n a prime number?
False
Let k be 8 - 6 - -3 - -26. Suppose -k*d + 259331 = -12*d. Is d composite?
False
Let g(v) = 290*v - 87. Let y(x) = 578*x - 176. Let r(i) = -11*g(i) + 6*y(i). Is r(11) composite?
True
Let b(t) = -61*t**2 - 10*t - 19. Let q(f) = -182*f**2 - 29*f - 57. Let x(i) = 11*b(i) - 4*q(i). Is x(-4) composite?
False
Suppose -4*l - 4 = -20. Suppose 115 = l*m + 155. Is (4/(-10))/(m/3175) a prime number?
True
Let n(v) = -2*v**3 + 3*v**2 + 2*v - 2. Let r be n(-2). Suppose -3*k = -t - 2 + 13, -3*t + 5 = 5*k. Suppose -h - r = -5*j + 73, j + t*h = 19. Is j prime?
True
Let b = -168 + 170. Suppose b*d = 2374 + 8628. Is d prime?
True
Let v = -30 - -40. Suppose -5*y = v, -6 = 4*t + y - 12. Suppose 1382 = t*q + 4*s, -3*q + 338 = -5*s - 1779. Is q a prime number?
False
Let c = 1 - -1. Is -10*(-879)/12*c composite?
True
Suppose 55*g - 8*g - 2166529 - 2892222 = 0. Is g composite?
True
Let m(b) = -b**2 + 4*b + 2. Let i(r) = 2*r**2 - 8*r - 5. Let k(f) = 3*i(f) + 7*m(f). Let o be k(3). Suppose -o*z = -0*z - 926. Is z a composite number?
False
Let b(x) = -x**2 + 6*x - 1. Let m be b(4). Let s(c) = -54*c - 805. Let h be s(-15). Suppose 0 = g + m*f - 2*f - 409, 0 = -h*f + 20. Is g a composite number?
False
Let h(u) = -8*u**3 - 7*u**2 + 2*u - 25. Suppose 2*f = 3*y + 10, 4*y = 6*f - 5*f - 20. Is h(y) composite?
False
Suppose -35294 - 10006 = 10*t. Let i = -2431 - t. Is i prime?
True
Let v(x) = -3*x + 65. Let i be v(14). Suppose -2*b + 0*b = -n - 6, 3*n - 5*b + i = 0. Is 255 + 9/(36/n) composite?
False
Let f(o) = -218*o - 139. Let m(w) = -658*w - 417. Let l(y) = 11*f(y) - 4*m(y). Is l(6) composite?
False
Is (2 + -7 - -10 - 7) + (133966 - -7) a composite number?
True
Let j(l) = l**3 + 47*l**2 + 3*l + 367. Is j(46) composite?
False
Is (81 - 184)*(2 + 1*-25) a composite number?
True
Let t(u) = u**2 - 14*u - 12. Suppose x = a + 3*x - 4, -4*a = -2*x - 6. Let f(r) = -5*r**2 + 71*r + 59. Let c(k) = a*f(k) + 11*t(k). Is c(19) a prime number?
False
Suppose 3*i - 101947 = -2*l, -i = 45 - 48. Is l a composite number?
False
Suppose 5*p - 4252007 = -2*w, 0 = -2*p + 39*w - 41*w + 1700798. Is p a composite number?
False
Is (6*(-2)/(-3) - (219208 + -35))/(-1) a composite number?
False
Let q(x) = 22272*x + 143. Is q(14) a prime number?
True
Suppose -68*b + 157*b = 1081439. Is b a composite number?
True
Is (50027855/646)/(2/4) a prime number?
False
Let d = 1888 - -2622. Let j = -2181 + d. Is j a composite number?
True
Let y = 8787 + 15614. Is y prime?
False
Let h be 3 - (15/(-45))/((-1)/(-6)). Suppose 0 = h*j + 5*u, j - 3*j - 3*u = 4. Suppose l - 4501 = -3*b, 0*b = j*b - 2*l - 6018. Is b a composite number?
True
Suppose 16*u + 46*u - 17894480 = 22*u. Is u prime?
False
Is (-625780)/1005*(-6)/4 a composite number?
True
Let r = 189 - 324. Let f = r - -662. Suppose -f = 2*p - 2649. Is p a prime number?
True
Let v = -19 - -32. Suppose 4*r + a = 21, 5*a - v - 12 = 0. Suppose 3*n = 12, -r*q + 3*q + 4*n = -1177. Is q a composite number?
False
Suppose -3*s + 2*w + 38240 = 0, -2*w + 15939 + 47773 = 5*s. Suppose -4*p = 4*z - s, -6369 = z - 3*z - p. Is z prime?
False
Let q(n) = -48*n**3 + 3*n + 1. Let c(f) be the third derivative of f**6/120 + f**3/6 + 6*f**2. Let m(t) = 2*c(t) + q(t). Is m(-2) a prime number?
False
Let d = 3 - -1. Suppose -3*p + 5 = -d. Suppose -914 - 421 = -p*r. Is r prime?
False
Let x(w) = 822*w**2 + 122*w - 1033. Is x(9) a prime number?
False
Let s be (7411*2/4)/(5/420). Is s/(-63)*3/(-2) a prime number?
True
Suppose -4*l + 166860 = 46*x - 42*x, -4*l = 3*x - 166862. Is l composite?
True
Suppose -26 = -2*n - 2*j, n - 5*n - 5*j = -57. Suppose 29595 = 7*h + n*h. Is h prime?
True
Let u be (1 - -12)/(14/(-2212)). Let v = u + 3811. Is v composite?
True
Suppose -165*c = -391*c + 3406498. Is c a prime number?
True
Let t(k) = -19*k**3 - 10*k**2 + 1